 m be 8/12*3 - -16. Let d(v) = -8*v - 6. What is the remainder when d(-7) is divided by -2*(-3)/(-6) + m?
16
Let w(m) = -m**3 + m**2 + 4*m - 2. Calculate the remainder when 4 is divided by w(2).
0
Suppose -2*x = 3*x - 145. Suppose 0 = -b + 3. Suppose 0 = -5*i + 11 - 1, b*i = -5*u + 46. What is the remainder when x is divided by u?
5
Suppose -5*c = -5*k - 0*c + 20, -c = 1. What is the remainder when 4 is divided by k?
1
Let u(v) = 3*v + 11. Calculate the remainder when u(4) is divided by 7.
2
Suppose -5*g = -2*j + 24, 2*g = 2*j + j - 58. Calculate the remainder when 43 is divided by j.
21
Suppose x = 4*g - 24, 4*g - g - 11 = -x. Suppose -5*l - 3*h = -0*h - 75, -4*l = -h - 43. Let i = l + x. Calculate the remainder when 23 is divided by i.
7
What is the remainder when 30 is divided by 3 - (0 - -3 - 16)?
14
Let d(w) = 3*w + 14. Let i(s) = -1. Let a(v) = d(v) + 6*i(v). Let m be a(-7). Calculate the remainder when (m*2)/((-1)/2) is divided by 18.
16
Let m(x) = -x + 1. Suppose -2*j + 30 = -5*j. What is the remainder when (-1)/3 + (-122)/(-6) is divided by m(j)?
9
What is the remainder when 37 is divided by -20*(2/4 - 1)?
7
Let m = 514 + -496. Let d = 16 + -11. Calculate the remainder when m is divided by d.
3
Let y(z) = 2*z**2 + 3*z + 6. Suppose 4*s - 27 = s. Calculate the remainder when y(-3) is divided by s.
6
Let n = 3 - 1. Suppose -n*v + 15 = -5. Suppose -4*z = -v - 22. Calculate the remainder when z is divided by 3.
2
Calculate the remainder when 28/10 - 2 - 4924/(-20) is divided by 62.
61
Let j = 1 - -1. Let t(a) = -a**2 + 8*a - 1. Let i be t(8). What is the remainder when j is divided by (-1)/((1/2)/i)?
0
Suppose 3*t + 3 = -2*m + 10, 2*t + 10 = 0. Calculate the remainder when 54 is divided by m.
10
Suppose 4*m - 10 = 3*m. Suppose 0 = 2*u - 65 - 17. Suppose u = 2*x - 17. Calculate the remainder when x is divided by m.
9
Let l be 2/(-3)*18/(-4). Let j(b) = b**3 - 2*b**2 + b + 1. Calculate the remainder when 25 is divided by j(l).
12
Suppose 3*j = 4*i - 28 - 9, -3*i - 4*j + 9 = 0. What is the remainder when 19 is divided by i?
5
Let k = 1 + 1. Let n = 3 + k. Calculate the remainder when 8 is divided by n.
3
Suppose q + 3*q - 32 = 0. Calculate the remainder when 22 is divided by q.
6
What is the remainder when 27 - 1/((-3)/6) is divided by 16?
13
Let r = 6 + 0. Let h(x) = 2*x**2 + 4. Let p be h(5). Suppose 2*d + 20 - p = 0. Calculate the remainder when d is divided by r.
5
Let k(m) = m**2 - 3*m. Calculate the remainder when 32 is divided by k(-3).
14
Let k(f) = f**2 - 9*f + 15. Suppose 0 = -i + 2 - 1. Let a(x) = 2*x**2 + x - 1. What is the remainder when k(8) is divided by a(i)?
1
Let w(g) = -7*g - 4. Let r be w(-6). Suppose 0 = 2*s + r - 130. Calculate the remainder when s is divided by 16.
14
Suppose 4 = -4*n, -y - 184 = -5*y + 4*n. Suppose -3*a + 0*u = -4*u - 39, 0 = -3*a + 2*u + y. What is the remainder when a is divided by 9?
8
Calculate the remainder when 21 is divided by -11 + 8 - 1*-21.
3
Let p be (-161)/(-49) + (-4)/14. Suppose 7 = -2*q + p*q. Calculate the remainder when q is divided by ((-8)/(-6) - 2)*-6.
3
Suppose -99 = 3*o - 4*o. Suppose -4*g = -g - o. What is the remainder when g is divided by 12?
9
Let s be 9/(4 - 316/80). Suppose -124 = -h - h - 2*m, -5*m + s = 3*h. What is the remainder when h is divided by 22?
21
Suppose -46 = -5*x + 269. Calculate the remainder when 123 is divided by x.
60
Suppose -4*l = 4, -l + 6 = 5*i + 3*l. Let q(r) = -5*r + 2. Let t(y) = 11*y - 4. Let k(d) = -5*q(d) - 2*t(d). What is the remainder when k(i) is divided by 2?
0
Let p(z) = z**3 - 4*z**2 + 3*z - 4. Calculate the remainder when p(4) is divided by 3.
2
Suppose -80*i - 267 = -83*i. What is the remainder when i is divided by 30?
29
Suppose -3*c - u + 0*u = -8, -5*c - 2*u = -12. Suppose 0 = -4*v - 3*o + 2*o - 53, 3*o = 3*v + 36. Let x = v + 23. What is the remainder when x is divided by c?
2
Suppose -17*i + 1326 = -4*i. What is the remainder when i is divided by 53?
49
Let r = 3 - 6. Let y(d) = d**2 - 2*d - 3. Let v = 124 + -89. Calculate the remainder when v is divided by y(r).
11
Suppose 14 = -4*j + 3*t, 4*t - 18 = 4*j - t. Let q = 1 - j. Suppose -2*a = -5*h - 20 - 5, -2*h - 1 = a. What is the remainder when a is divided by q?
2
Let r = 92 + -41. What is the remainder when r is divided by 27?
24
Let d(k) = 80*k**2 - 2*k + 1. Suppose m - 2*m = -1. Suppose -3*s = -0*s - 81. Calculate the remainder when d(m) is divided by s.
25
Let a(k) = 175*k**2 - k. Let z be a(-1). Suppose 5*s - z - 159 = 0. Let g(m) = m**2 - 2*m - 1. Calculate the remainder when s is divided by g(-4).
21
Suppose -3*o = 4*t - 19, 4*t - 8 = -2*o - t. What is the remainder when 17 is divided by o?
8
Suppose 0*s + 3*s = 0. Suppose d - 7 = -2*x, s = -x - 1 + 3. Suppose 0 = -3*z + 2*z - 5*r + 21, 0 = z - d*r + 11. What is the remainder when 2 is divided by z?
0
Suppose j + 3*j = 184. What is the remainder when j is divided by (0 + (-1 - -2))*24?
22
Suppose -9*v + i = -4*v - 68, 2*v = i + 29. Let w(d) = -8*d + 4. Calculate the remainder when w(-4) is divided by v.
10
Let p(q) be the third derivative of 7*q**6/40 - q**5/30 + q**4/12 - q**3/6 - q**2. Let r = 20 - 19. Calculate the remainder when p(r) is divided by 11.
9
Suppose 0 = -2*l + 11 + 7. Let x be 2*(6/(-4) - -2). Suppose -o + x = -4. Calculate the remainder when l is divided by o.
4
Let j = -61 + 122. Calculate the remainder when j is divided by 8.
5
Let t(g) = 9*g**3 + g**2 - 2*g + 2. Calculate the remainder when t(2) is divided by 26.
22
What is the remainder when (2/(-2) + (-248)/16)*-2 is divided by 2/(-4) - 50/(-4)?
9
Let u(j) = -j - 4. Let s be u(-6). Suppose -n = i - 40, 0*n = s*i + 5*n - 65. Calculate the remainder when i is divided by 16.
13
Let c = -123 + 71. Let m = 40 + -3. Calculate the remainder when m is divided by c/20*15/(-3).
11
Suppose 5*y - 580 = 7*i - 2*i, 0 = 4*i + 16. Calculate the remainder when y is divided by 38.
36
Suppose 4*m + 5*w - 16 - 45 = 0, 3*m + 2*w = 44. Let l be 248/m + (-4)/(-14). What is the remainder when 2*3/(l/57) is divided by 10?
9
Let r(u) = -5*u + 1. Suppose 8*p - 31 - 129 = 0. Calculate the remainder when p is divided by r(-1).
2
Let q(m) = -m**2 - 14*m + 4. What is the remainder when 10 is divided by q(-14)?
2
Suppose -y = -2*b + 24, 5*y - 6 = 4. Suppose -b + 188 = 5*w. What is the remainder when w is divided by 9?
8
Suppose 0 = 3*f + 12, -28 = -4*x - 8*f + 9*f. Suppose 64 = 4*i + 8. Suppose 3*k - 50 + i = u, -4*u + 10 = 2*k. Calculate the remainder when k is divided by x.
5
Suppose -2 = -c + 6. Suppose -5*g + 101 = -4*u, 4*u = -0*g + 2*g - 98. Let y = -2 - u. Calculate the remainder when y is divided by c.
6
Suppose -2*m + 0*k = -3*k - 12, 0 = 4*m - 2*k - 16. What is the remainder when 11 is divided by m?
2
Let g be (27/12)/((-6)/16). Let z be 4/g - 8/6. What is the remainder when 15 is divided by 10 - z - (1 + 2)?
6
Let v(d) be the first derivative of d**2 + d - 2. What is the remainder when v(8) is divided by 5?
2
Suppose -50 = -17*w + 16*w. What is the remainder when w is divided by 13?
11
Let t = 158 - 92. Calculate the remainder when t is divided by 23.
20
Suppose 6*u - 5*u - 3 = 0. Suppose -4*f = o - 15, 5*o - u*f + 0*f - 121 = 0. Calculate the remainder when o is divided by 12.
11
Suppose 5*v - 4*p = 29, 4*p = -5*v + 2*p + 53. Calculate the remainder when 33 is divided by v.
6
Suppose -3*y = -2*y - 54. Let q = -36 + y. Calculate the remainder when 68 is divided by q.
14
Let m = 24 + 3. Let v = -165 - -172. What is the remainder when m is divided by v?
6
Let l = 9 - 3. Let h = 58 + -49. Calculate the remainder when h is divided by l.
3
Let m(v) = -v - 22. Let p(q) = 11. Let r(i) = -2*m(i) - 5*p(i). What is the remainder when r(7) is divided by 2?
1
Let p = -8 + 120. Suppose 2*t + 4*z = p, 57 = t + z + 6. Calculate the remainder when t is divided by 12.
10
Suppose -5*k - 15 = -5*g, 5*k = -g - g - 8. Let f(q) = -q**2 - 6*q + 7. Let j be f(-7). Let h = j - -3. What is the remainder when h is divided by g?
0
Let m = 0 - -4. Suppose -3*d = -m*t + 12, 0*d - 4*d = 2*t + 16. Suppose -5*g = -t*g - 80. Calculate the remainder when g is divided by 6.
4
Suppose 2 = t - 5. Calculate the remainder when ((-351)/(-18))/(2/4) is divided by t.
4
Calculate the remainder when ((-57)/9 - -4)